- 6. Calculate i(-12).
-6
Let s(t) = 102*t**3 - t**2 - t - 1. Give s(-1).
-103
Let v(r) = -4*r**2 + 42*r - 14. Give v(10).
6
Let y(a) = 2*a + 2. Determine y(-6).
-10
Let b(j) = -j**3 + 10*j**2 - 9*j + 5. What is b(9)?
5
Let y(t) = -t**3 + 5*t**2 - 5*t - 3. What is y(4)?
-7
Let i(l) = l**3 + 10*l**2 - 9*l - 1. Determine i(-11).
-23
Let r(c) = c**3 + 6*c**2 - 21*c - 31. Determine r(-8).
9
Let w(s) = 6*s**3 + s + 1. Determine w(-1).
-6
Let f(q) = q**2 - 6*q - 3. Determine f(5).
-8
Let m(s) = s**3 + 6*s**2 + s + 5. Determine m(-6).
-1
Let x(h) = -h**2 - 18*h + 33. Calculate x(-16).
65
Let u(o) = -o**3 + 10*o**2 + 8. Give u(10).
8
Let a(d) = -d - 8. Calculate a(8).
-16
Let t(c) = -10*c**2 - 3*c + 1. Give t(2).
-45
Let m(p) = -14*p**3 + p**2 - 2*p - 2. Give m(-1).
15
Let z(x) = 3*x**2 + 2*x + 11. What is z(-4)?
51
Let q(x) = -9*x + 5. What is q(-3)?
32
Let o(p) = 11*p**2 - p + 2. Give o(1).
12
Let g(w) = w**3 - 7*w**2 - 4*w + 23. Calculate g(7).
-5
Let f(j) = -j**2 + 8*j + 3. What is f(7)?
10
Let j(m) = -112*m + 331. Calculate j(3).
-5
Let k(r) = 18*r**2 + 72*r + 6. What is k(-4)?
6
Let t(z) = z**2 + 34*z - 287. What is t(-41)?
0
Let p(d) = -d**2 + 6*d + 7. What is p(7)?
0
Let q(v) = -12*v**2 - 2*v + 3. Give q(1).
-11
Let z(t) = t**3 - 12*t**2 + 39*t - 14. What is z(6)?
4
Let y(h) = 27*h - 23. Give y(4).
85
Let j(n) = 19*n + 98. Give j(-5).
3
Let c(h) = 6*h + 3. Calculate c(4).
27
Let z(p) = -5*p + 18. What is z(8)?
-22
Let o(w) = -7*w + 8. Calculate o(-4).
36
Let v(u) = -3*u - 2. Calculate v(0).
-2
Let i(h) = 2*h**2 - 2*h. Determine i(0).
0
Let c(a) = -a**3 + 4*a**2 - 4*a + 2. What is c(3)?
-1
Let l(f) = 33*f**2 + 2*f + 4. What is l(-2)?
132
Let b(g) = -2*g**2 + 5. Give b(0).
5
Let u(o) = o**2 - 6*o - 6. Determine u(7).
1
Let l(x) = 4*x + 4. Give l(-4).
-12
Let i(m) = 2*m**2 + 9*m + 14. Determine i(-5).
19
Let x(j) = j**3 + 12*j**2 + 17*j - 9. Determine x(-10).
21
Let w(k) = 4*k + 60. Calculate w(-23).
-32
Let d(k) = k**2 - 7*k - 118. What is d(15)?
2
Let u(g) = -g**2 - 12*g + 46. Give u(-14).
18
Let m(c) = 2*c**2 - 11*c + 10. Calculate m(7).
31
Let s(d) = 2*d - 9. Determine s(4).
-1
Let o(u) = -u**2 + 12*u - 7. Determine o(10).
13
Let u(n) = -n**2 + 4*n + 18. Determine u(7).
-3
Let n(i) = -4*i**3 + i**2 - i + 1. Determine n(1).
-3
Let p(b) = b**3 + 21*b**2 - 24*b - 38. What is p(-22)?
6
Let c(n) = n**2 + 16*n + 29. What is c(-13)?
-10
Let q(s) = s**2 - 63*s - 67. Determine q(64).
-3
Let n(o) = -o**3 - 10*o**2 - 17*o + 2. What is n(-7)?
-26
Let q(n) = n**2 + 7*n - 10. Give q(-5).
-20
Let d(c) = -c**3 + 10*c**2 - 7*c - 15. Give d(9).
3
Let y(b) = -5*b - 38. Give y(-7).
-3
Let f(u) = u**3 - 4*u**2 - 24*u + 15. Give f(7).
-6
Let m(k) = -4*k**2 - 6*k - 1. Calculate m(-4).
-41
Let u(p) = p**2 - 23*p + 48. What is u(20)?
-12
Let k(r) = -2*r**3 + 9*r**2 - 5*r. Calculate k(4).
-4
Let r(k) = k**2 - 9*k - 96. Determine r(14).
-26
Let d(h) = h**2 - 4*h + 5. Calculate d(3).
2
Let a(v) = -2*v + 8. Give a(-18).
44
Let l(v) = v**3 - 8*v**2 - 24*v + 220. What is l(6)?
4
Let d(r) = r - 19. Calculate d(11).
-8
Let w(p) = 3*p**2 + 4*p + 1. What is w(-3)?
16
Let d(i) = 3*i**2 + 10*i + 5. What is d(-4)?
13
Let g(j) = -3*j + 74. Determine g(9).
47
Let l(r) = r**2 + 7*r - 2. Calculate l(4).
42
Let o(p) = 9*p + 2. Calculate o(-2).
-16
Let m(y) = -13*y**2 + 6*y + 5. Give m(-1).
-14
Let y(l) = 4*l**2 + 56*l + 4. Calculate y(-14).
4
Let j(v) = -v**2 + v. What is j(1)?
0
Let i(l) = 2*l**2 + 21*l + 8. Calculate i(-9).
-19
Let n(o) = -32*o. Calculate n(2).
-64
Let d(j) = j**2 + 8*j + 3. Give d(-6).
-9
Let r(c) = -2*c - 16. Give r(-6).
-4
Let i(q) = q**2 - 7*q + 8. Give i(9).
26
Let l(f) = -3*f**2 + 10*f - 6. Calculate l(3).
-3
Let b(a) = 20*a**2 + 2*a + 2. Give b(-1).
20
Let c(u) = -3*u + 15. Give c(6).
-3
Let r(s) = 2*s**3 - 5*s**2 + s + 3. Calculate r(3).
15
Let t(u) = 10*u - 41. Determine t(13).
89
Let p(j) = -10*j**2 + 2*j + 2. Determine p(2).
-34
Let g(k) = k**3 - k**2 - 3*k + 48. Determine g(0).
48
Let x(n) = -8*n + 55. Give x(8).
-9
Let f(p) = p**2 + 5*p. Determine f(-10).
50
Let f(k) = k**3 + 6*k**2 + 2*k - 17. What is f(-4)?
7
Let j(d) = 3*d**2 + 8*d + 4. Calculate j(-5).
39
Let y(z) = z**2 + 21*z + 42. Determine y(-19).
4
Let z(a) = a**2 - 2*a - 3. Give z(6).
21
Let k(l) = l**3 + 8*l**2 + 73. Calculate k(-9).
-8
Let d(h) = -2*h**3 + 10*h**2 + 6*h - 30. Calculate d(6).
-66
Let d(m) = -7*m + 25. Give d(7).
-24
Let v(y) = y**2 + 8*y + 8. Determine v(-8).
8
Let o(j) = -2*j - 27. Give o(-20).
13
Let z(j) = 3*j - 19. Determine z(-9).
-46
Let m(d) = -26*d**3 + 2*d**2 - 1. Give m(-1).
27
Let p(w) = -w + 14. Calculate p(12).
2
Let k(p) = -3*p - 19. Give k(-8).
5
Let f(p) = 7*p - 67. Calculate f(10).
3
Let m(g) = -g**2 + 7*g + 6. What is m(7)?
6
Let d(p) = -p**3 + 5*p**2 - p. What is d(5)?
-5
Let i(m) = 7*m. Determine i(5).
35
Let y(p) = -p**3 - 9*p**2 - 10*p + 3. What is y(-6)?
-45
Let m(h) = 45*h + 49. Determine m(-1).
4
Let j(o) = 13*o**2 + 2*o + 1. What is j(-1)?
12
Let i(h) = -17*h. Determine i(2).
-34
Let j(z) = -5*z - 2. Give j(-3).
13
Let y(m) = m**2 - 3*m + 6. Give y(5).
16
Let i(o) = -3*o - 11. Give i(-6).
7
Let m(c) = -c**3 - 3*c**2 + 7*c + 6. What is m(-4)?
-6
Let f(k) = k**2 - 16*k - 5. Determine f(11).
-60
Let s(a) = a**3 + 3*a**2 - a + 4. What is s(-3)?
7
Let h(k) = k - 80. What is h(18)?
-62
Let b(z) = -z**2 + 14*z - 4. Calculate b(11).
29
Let f(z) = -5*z - 38. Give f(-9).
7
Let d(s) = 3*s**2 + 25*s + 5. Calculate d(-8).
-3
Let c(r) = -r**3 + 8*r**2 + 19*r + 3. What is c(10)?
-7
Let p(w) = w**3 + 13*w**2 + 5*w + 56. Determine p(-13).
-9
Let s(i) = -6*i + 5. What is s(-3)?
23
Let h(d) = -d**3 + 9*d**2 - 18*d. Calculate h(4).
8
Let i(g) = g + 11. Calculate i(8).
19
Let v(p) = -p**2 + p + 16. Calculate v(0).
16
Let o(g) = g**3 - 8*g**2 + 15*g - 6. Give o(2).
0
Let d(i) = -i**3 - 5*i**2 - 3*i - 6. Give d(-5).
9
Let h(s) = -s**3 + 16*s**2 - 15*s - 6. Determine h(15).
-6
Let t(y) = 17*y**3 + 2*y**2 - 1. Calculate t(1).
18
Let r(a) = 18*a - 89. What is r(6)?
19
Let b(x) = -x**2 + 22*x - 24. Calculate b(21).
-3
Let t(m) = -m**2 + 24*m - 93. Determine t(21).
-30
Let w(t) = t + 2. What is w(11)?
13
Let z(m) = -m**3 + 7*m**2 + 3*m - 9. Determine z(7).
12
Let i(q) = q**3 - q**2 - 4*q - 4. What is i(-3)?
-28
Let i(y) = -26*y - 156. Calculate i(-6).
0
Let f(h) = 2*h**2 + 5*h + 25. Determine f(-5).
50
Let h(f) = 9*f**3 + 3*f**2 + 3*f + 1. Determine h(-1).
-8
Let v(t) = t**3 + 16*t**2 - 79*t + 20. Calculate v(-20).
0
Let q(p) = 5*p + 15. Give q(-4).
-5
Let y(n) = -n**3 + 63*n**2 + 69*n - 323. What is y(64)?
-3
Let m(y) = y**3 + 14*y**2 + 10*y - 12. What is m(-13)?
27
Let h(j) = j**3 + j**2 - 56*j - 6. Give h(-8).
-6
Let f(i) = -2*i**3 - i + 18. Determine f(0).
18
Let x(z) = -z + 9. What is x(-2)?
11
Let t(b) = -b**2 - 12*b + 2. Determine t(-9).
29
Let k(t) = 3*t + 33. Give k(-15).
-12
Let i(r) = r + 17. Determine i(-8).
9
Let c(j) = j**3 - 10*j**2 + 14*j + 15. Calculate c(8).
-1
Let u(h) = h**3 - 12*h**2 + 2*h - 18. What is u(12)?
6
Let i(q) = q**2 + 9*q + 10. Determine i(-8).
2
Let m(g) = g + 7. Give m(-8).
-1
Let m(l) = l**2 - 2*l + 5. What is m(-5)?
40
Let n(c) = -c**3 + 14*c**2 + 14*c + 13. What is n(15)?
-2
Let j(t) = -t**3 - 23*t**2 + 25*t + 22. Give j(-24).
-2
Let s(w) = -94*w + 275. Determine s(3).
-7
Let c(s) = -s**3 + 6*s**2 - 4. Determine c(6).
-4
Let g(k) = 2*k**2 + 44*k + 12. Give g(-21).
-30
Let u(b) = b**2 + 9*b + 21. Calculate u(-10).
31
Let t(u) = -u**3 - 11*u**2 + 31*u + 42. Give t(-13).
-23
Let m(g) = g**3 + 5*g**2 + 2. Calculate m(-4).
18
Let z(q) = q**2 + 5*q + 10. Calculate z(-5).
10
Let f(p) = -p**3 - 9*p**2 + 18*p - 10. What is f(-11)?
34
Let t(c) = 2*c + 7. Calculate t(2).
11
Let q(v) = -4*v - 7. Give q(-2).
1
Let y(v) = -38*v + 65. Determine y(2).
-11
Let k(g) = 9*g - 49. What is k(5)?
-4
Let b(g) = g**2 + 4*g + 5. What is b(-4)?
5
Let n(v) = v + 10. Calculate n(-12).
-2
Let u(b) = b**2 - 13*b + 30. Give u(10).
0
Let p(a) = -a**2 + 16*a - 71. Calculate p(9).
-8
Let j(p) = p**3 - 7*p**2 - 6*p - 5. Determine j(6).
-77
Let r(q) = q**3 - 9*q**2 + 2*q - 10. What is r(9)?
8
Let g(q) = -q**2 + 11*q + 12. Determine g(12).
0
Let i(a) = -4*a**3 - 96*a**2 - a - 28. Give i(-24).
-4
Let g(j) = -j**3 + 10*j**2 - 10*j - 3. Give g(9).
-12
Let h(y) = y**2 + 2*y + 